{"id":87,"date":"2024-03-09T15:45:34","date_gmt":"2024-03-09T14:45:34","guid":{"rendered":"https:\/\/closdesecureuils-anjou.fr\/?page_id=87"},"modified":"2025-04-12T19:07:21","modified_gmt":"2025-04-12T17:07:21","slug":"activites","status":"publish","type":"page","link":"https:\/\/closdesecureuils-anjou.fr\/index.php\/activites\/","title":{"rendered":"Activit\u00e9s"},"content":{"rendered":"\n<p>Randonneurs, amoureux de la nature ou du patrimoine, vous trouverez votre bonheur chez nous ou \u00e0 proximit\u00e9.<\/p>\n\n\n\n<div class=\"wp-block-group\"><div class=\"wp-block-group__inner-container is-layout-constrained wp-block-group-is-layout-constrained\">\n<div class=\"wp-block-group\"><div class=\"wp-block-group__inner-container is-layout-constrained wp-block-group-is-layout-constrained\">\n<h3 class=\"wp-block-heading\">Sur place :<\/h3>\n\n\n\n<p>Sous le pr\u00e9au, un espace repas pour vos petits d\u00e9jeuners \u00e0 la belle saison et pour vos piqueniques.<\/p>\n\n\n\n<p>Vous souhaitez vous reposer d&rsquo;une journ\u00e9e de balade : prenez une chaise longue et installez-vous sous un arbre ou sous le pr\u00e9au. A moins que vous pr\u00e9f\u00e9riez une partie de ping-pong ? <\/p>\n\n\n\n<p>Profitez de notre grand jardin. Deux \u00e9cureuils s&rsquo;y cachent, d&rsquo;o\u00f9 le nom de notre maison. Les oiseaux y sont aussi nombreux. Si vous ne les voyez pas, vous \u00eates s\u00fbrs de les entendre. Voici quelques esp\u00e8ces pr\u00e9sentes : m\u00e9sange, pinson, grimpereau, chouette effraie, hibou, hulotte, geai, huppe, pic vert, grives \u2026 Nous pouvons vous pr\u00eater des jumelles.<\/p>\n\n\n\n<p><\/p>\n\n\n\n<p>Un piano est en acc\u00e8s libre dans le salon. N\u2019h\u00e9sitez pas \u00e0 faire vos gammes, jouer un concerto ou faire un b\u0153uf. Ce sera pour notre plus grand plaisir. Des livres et des jeux de soci\u00e9t\u00e9 sont \u00e0 votre disposition. Vous pouvez les emprunter le temps de votre s\u00e9jour bien install\u00e9s dans un des canap\u00e9s devant la chemin\u00e9e.<\/p>\n\n\n\n<p><\/p>\n<\/div><\/div>\n\n\n<div class=\"wp-block-image is-style-rounded\">\n<figure class=\"alignright size-full is-resized\"><img loading=\"lazy\" decoding=\"async\" width=\"201\" height=\"236\" src=\"https:\/\/closdesecureuils-anjou.fr\/wp-content\/uploads\/2024\/04\/clos-ecureuils-anjou.jpg\" alt=\"\" class=\"wp-image-155\" style=\"object-fit:cover;width:120px;height:120px\" srcset=\"https:\/\/closdesecureuils-anjou.fr\/wp-content\/uploads\/2024\/04\/clos-ecureuils-anjou.jpg 201w, https:\/\/closdesecureuils-anjou.fr\/wp-content\/uploads\/2024\/04\/clos-ecureuils-anjou-51x60.jpg 51w\" sizes=\"auto, (max-width: 201px) 100vw, 201px\" \/><\/figure>\n<\/div><\/div><\/div>\n\n\n<div class=\"wp-block-image is-style-rounded\">\n<figure class=\"alignleft size-medium is-resized\"><img loading=\"lazy\" decoding=\"async\" width=\"300\" height=\"268\" src=\"https:\/\/closdesecureuils-anjou.fr\/wp-content\/uploads\/2024\/04\/clos-ecureuils-mesange-300x268.jpg\" alt=\"\" class=\"wp-image-156\" style=\"object-fit:cover;width:120px;height:120px\" srcset=\"https:\/\/closdesecureuils-anjou.fr\/wp-content\/uploads\/2024\/04\/clos-ecureuils-mesange-300x268.jpg 300w, https:\/\/closdesecureuils-anjou.fr\/wp-content\/uploads\/2024\/04\/clos-ecureuils-mesange-67x60.jpg 67w, https:\/\/closdesecureuils-anjou.fr\/wp-content\/uploads\/2024\/04\/clos-ecureuils-mesange.jpg 568w\" sizes=\"auto, (max-width: 300px) 100vw, 300px\" \/><figcaption class=\"wp-element-caption\">m\u00e9sange charbonni\u00e8re<\/figcaption><\/figure>\n<\/div>\n\n\n<div class=\"wp-block-group\"><div class=\"wp-block-group__inner-container is-layout-constrained wp-block-group-is-layout-constrained\">\n<h3 class=\"wp-block-heading\">A proximit\u00e9<\/h3>\n\n\n\n<ul class=\"wp-block-list\">\n<li>Vous aimez randonner, vous aurez l&#8217;embarras du choix : balades dans les vignes, balades patrimoine dans les vieilles rues m\u00e9di\u00e9vales \u00e0 Thouars, Montreuil-Bellay ou Saumur pour ne citer que ces trois villes, chasses au tr\u00e9sor (g\u00e9o-catching), cano\u00eb. Programmez vos circuits \u00e0 l\u2019avance sur le site <a href=\"http:\/\/randoendeuxsevres.fr\/index.php\" target=\"_blank\" rel=\"noopener\" title=\"randoendeuxsevres\">randoendeuxsevres<\/a> en choisissant vos centres d\u2019int\u00e9r\u00eat, l\u2019environnement recherch\u00e9 (ville, for\u00eat, campagne, bord de l\u2019eau), la dur\u00e9e souhait\u00e9e, le nombre de kms, l\u2019intensit\u00e9 de votre randonn\u00e9e.<\/li>\n\n\n\n<li>Loire oblige, de nombreux ch\u00e2teaux sont \u00e0 proximit\u00e9&nbsp;: Br\u00e9z\u00e9 et ses 2 ch\u00e2teaux, Saumur, Montsoreau et son village class\u00e9 plus beau village de l\u2019<a href=\"https:\/\/www.anjou-tourisme.com\/fr\/voir-faire\/que-visiter\/villages-danjou\">Anjou<\/a>, Chinon, Azay le Rideau, Langeais, Brissac&#8230;<\/li>\n\n\n\n<li>Des d\u00e9gustations de vins un peu partout dans la r\u00e9gion<\/li>\n\n\n\n<li>et pourquoi pas un vol en montgolfi\u00e8re ?<\/li>\n\n\n\n<li><a href=\"https:\/\/www.bioparc-zoo.fr\/\">le zoo de Dou\u00e9 la Fontaine<\/a> plus de 1700 animaux dans un cadre naturel exceptionnel, consacr\u00e9 \u00e0 la protection des esp\u00e8ces menac\u00e9es. Creus\u00e9s dans la roche, des tunnels vous font passer d\u2019un monde \u00e0 l\u2019autre. Un voyage riche en \u00e9motions dans un v\u00e9ritable labyrinthe min\u00e9ral et v\u00e9g\u00e9tal !<\/li>\n<\/ul>\n<\/div><\/div>\n\n\n\n<div class=\"wp-block-group\"><div class=\"wp-block-group__inner-container is-layout-constrained wp-block-group-is-layout-constrained\">\n<div class=\"wp-block-group\"><div class=\"wp-block-group__inner-container is-layout-constrained wp-block-group-is-layout-constrained\">\n<h3 class=\"wp-block-heading\">Nos coups de c\u0153ur&nbsp;:<\/h3>\n\n\n\n<ul class=\"wp-block-list\">\n<li><strong><a href=\"https:\/\/les-perrieres.com\/\" target=\"_blank\" rel=\"noopener\" title=\"Le myst\u00e8re des Faluns\">Le myst\u00e8re des Faluns<\/a> <\/strong>\u00e0 Dou\u00e9 la Fontaine<\/li>\n\n\n\n<li>Un lieu vraiment unique : <strong>&nbsp;<a href=\"https:\/\/www.chateaudebreze.com\/\" target=\"_blank\" rel=\"noopener\" title=\"le ch\u00e2teau de Br\u00e9z\u00e9\">le ch\u00e2teau de Br\u00e9z\u00e9<\/a><\/strong>, UN CH\u00c2TEAU SOUS UN CH\u00c2TEAU&nbsp;: une forteresse troglodytique sous un ch\u00e2teau, b\u00e2ti entre les XIe et XIXe si\u00e8cles, poss\u00e8de un extraordinaire r\u00e9seau souterrain. En p\u00e9n\u00e9trant dans cet ensemble troglodytique unique, on d\u00e9couvre tour \u00e0 tour l&rsquo;ancienne demeure seigneuriale et ses \u00e9curies enti\u00e8rement taill\u00e9es dans le tuffeau, des chemins de ronde, un pont-levis, une magnanerie, des cuisines, des celliers, d&rsquo;immenses pressoirs ; l&rsquo;ensemble ouvrant sur les plus profondes douves s\u00e8ches d&rsquo;Europe.<\/li>\n\n\n\n<li><strong>Une balade sur la Loire<\/strong> en bateau traditionnel : la toue<\/li>\n<\/ul>\n<\/div><\/div>\n\n\n\n<p class=\"has-text-align-center\"><mark style=\"background-color:rgba(0, 0, 0, 0)\" class=\"has-inline-color has-cyan-bluish-gray-color\"><strong>Le Clos des Ecureuils &#8211; Anjou, une escale sur le trajet de vos vacances ? <\/strong><\/mark><br><a href=\"https:\/\/www.puydufou.com\/france\/fr\">Le Puy du Fou<\/a> 1h, <a href=\"https:\/\/www.futuroscope.com\/fr\/attractions-et-spectacles\" target=\"_blank\" rel=\"noopener\" title=\"Futuroscope \">Futuroscope <\/a>1h, Angers, Tours,&#8230;<\/p>\n<\/div><\/div>\n\n\n\n<p><\/p>\n\n\n\n<div class=\"wp-block-buttons is-layout-flex wp-block-buttons-is-layout-flex\">\n<div class=\"wp-block-button has-custom-width wp-block-button__width-50\"><a class=\"wp-block-button__link has-light-green-cyan-background-color has-background wp-element-button\" href=\"https:\/\/www.cybevasion.fr\/ch24643\" target=\"_blank\" rel=\"noreferrer noopener\"><strong>Consultez nos disponibilit\u00e9s<\/strong><\/a><\/div>\n<\/div>\n","protected":false},"excerpt":{"rendered":"<p>Randonneurs, amoureux de la nature ou du patrimoine, vous trouverez votre bonheur chez nous ou \u00e0 proximit\u00e9. Sur place : Sous le pr\u00e9au, un espace repas pour vos petits d\u00e9jeuners &hellip; <\/p>\n","protected":false},"author":1,"featured_media":0,"parent":0,"menu_order":0,"comment_status":"closed","ping_status":"closed","template":"","meta":{"om_disable_all_campaigns":false,"_monsterinsights_skip_tracking":false,"_monsterinsights_sitenote_active":false,"_monsterinsights_sitenote_note":"","_monsterinsights_sitenote_category":0,"footnotes":""},"class_list":["post-87","page","type-page","status-publish","hentry"],"aioseo_notices":[],"_links":{"self":[{"href":"https:\/\/closdesecureuils-anjou.fr\/index.php\/wp-json\/wp\/v2\/pages\/87","targetHints":{"allow":["GET"]}}],"collection":[{"href":"https:\/\/closdesecureuils-anjou.fr\/index.php\/wp-json\/wp\/v2\/pages"}],"about":[{"href":"https:\/\/closdesecureuils-anjou.fr\/index.php\/wp-json\/wp\/v2\/types\/page"}],"author":[{"embeddable":true,"href":"https:\/\/closdesecureuils-anjou.fr\/index.php\/wp-json\/wp\/v2\/users\/1"}],"replies":[{"embeddable":true,"href":"https:\/\/closdesecureuils-anjou.fr\/index.php\/wp-json\/wp\/v2\/comments?post=87"}],"version-history":[{"count":41,"href":"https:\/\/closdesecureuils-anjou.fr\/index.php\/wp-json\/wp\/v2\/pages\/87\/revisions"}],"predecessor-version":[{"id":168,"href":"https:\/\/closdesecureuils-anjou.fr\/index.php\/wp-json\/wp\/v2\/pages\/87\/revisions\/168"}],"wp:attachment":[{"href":"https:\/\/closdesecureuils-anjou.fr\/index.php\/wp-json\/wp\/v2\/media?parent=87"}],"curies":[{"name":"wp","href":"https:\/\/api.w.org\/{rel}","templated":true}]}}